*k = 2*l + 10 + 5, 0 = 3*k - 3*l - 9. Let q(v) = -v - 2*v**k - 3*v**2 + 16 - 32 + 15. Give q(-2).
5
Let s be 0 + (52/(-4) - -9). Let w(n) = -n - 2. Give w(s).
2
Let j(f) = 5*f**2 + 21*f - 1. Let h(p) = -11*p**2 - 43*p + 3. Let u(s) = 4*h(s) + 9*j(s). Give u(-15).
-27
Let o(m) = -m**2 - 19*m**3 + 3 - 5*m**2 + 14*m**3 + 8*m. Let l(j) = j**3 - 1. Let k(s) = -4*l(s) - o(s). What is k(-7)?
8
Let l(t) = t**3 + 9*t**2 + 5. Suppose 10*w - 2*y - 22 = 12*w, 5*w - 4*y = -37. Calculate l(w).
5
Let x(b) be the second derivative of b**4/12 + b**3/6 - 19*b**2 - 111*b. What is x(0)?
-38
Let u(o) = -8*o + 2*o**2 + 9*o - o**2 - 5*o. Suppose -4*q - 3*t + 72 = 0, 5*q - 5*t + 22 - 77 = 0. Suppose -2*y - 3*y = -q. Give u(y).
-3
Suppose -33 = -51*a - 84. Let y(k) = 18*k**3 + 4*k**2 - 3*k + 9. Let x(u) = 9*u**3 + 2*u**2 - u + 4. Let g(q) = -7*x(q) + 3*y(q). What is g(a)?
8
Let p(h) = -2*h - 5. Let t be p(-5). Suppose -9*q - 32 = -t*q. Let a(n) = -n**3 - 7*n**2 + 8*n. Give a(q).
0
Let j(m) = 5*m**3 + m**2 + m - 5. Let p(s) = -2*s**3 - s**2 + 3. Let g(x) = -j(x) - 2*p(x). Let k = 5 + -2. Let b = -1 + k. Give g(b).
-7
Let l = 32 + -35. Let j(f) = 1. Let d(a) = -3*a - 4. Let q(y) = l*j(y) - d(y). What is q(-3)?
-8
Let p(k) = k**3 + k. Let i(x) be the first derivative of -13*x - 3 + 1/2*x**2. Let z be i(11). Calculate p(z).
-10
Let d(c) = 0*c**2 + c**2 - 8647 + 8642. What is d(4)?
11
Let c(l) = l**3 - 22*l**2 + 19*l + 44. Let k be c(21). Let m(g) be the third derivative of g**6/120 - g**5/30 + g**4/12 - g**3/6 + 3*g**2. What is m(k)?
3
Let w(s) = s**3 + 15*s**2 + 14*s - 8. Let f be w(-14). Let m(q) = 2*q**2 + 15*q - 8. Let g be m(f). Let d(o) = 0*o**2 + o**2 + g - 2*o + 4 - 2. Calculate d(3).
5
Let l(n) = -n**3 - n - 5. Let i = 379 + -379. Give l(i).
-5
Let h(r) be the third derivative of r**4/24 + 5*r**3/6 + r**2. Suppose -7*z - 250 = -43*z - 14*z. Calculate h(z).
10
Let y = 10 + -2. Let f be (1/(-1) + 0)*y. Let j(c) = c + 4. Determine j(f).
-4
Let b(h) = -h**3 + 2*h**2 + h - 2. Let t be 1/(2/(-4)) - 28/(-7). Give b(t).
0
Let y = 8 - -11. Let o = y + -14. Let k(s) = s**2 - 6*s + 7. What is k(o)?
2
Let s be -4 + 7 + -5 + 4. Let v(f) be the second derivative of s*f - 4/3*f**3 + 7/2*f**2 + 1/12*f**4 + 0. Determine v(5).
-8
Let y(m) = -73*m + 15 + 19 + 67*m. Determine y(6).
-2
Let r = -38 - -48. Let p(d) = 20 - d - 8 - r + 3*d**2. Calculate p(2).
12
Let a(b) = -3*b. Let g(y) = 5*y - 1. Let u(v) = -3*a(v) - 2*g(v). Give u(-9).
11
Let u(c) = -3*c + 6. Suppose 4*y + n = 77, 0*y + 2*n - 64 = -3*y. Suppose -9*r = -7*r - y. Let d(w) = -13*w + 23. Let t(b) = r*u(b) - 2*d(b). What is t(4)?
4
Let o(w) = 7 - 4 + w**2 - 4 - 73*w**3 - 2*w + 2 + 78*w**3. Suppose 0 = 3*v - 9 - 0. Suppose -l - 2 = -v. Give o(l).
5
Let j(m) = -m**3 - 6*m**2 - 2. Suppose 106 = -20*p - 14. Calculate j(p).
-2
Let b be 1 - 4 - (-60)/15. Let f be b - (1 - 8 - -4). Let g(s) = -s - 2. Give g(f).
-6
Suppose -3*u - 2 = v, 5*u - 28 + 38 = 5*v. Let x(o) = -9*o**3 - o**2 + o. Give x(v).
-9
Suppose 3*h - 5*h = u - 8, -3*u + 3*h = -51. Let n = u + -7. Let l = 2 - n. Let v(y) = 3*y + 6. What is v(l)?
-9
Let t(x) be the first derivative of x**7/420 - x**6/360 - x**4/12 + 7*x**3/3 + 2. Let r(k) be the third derivative of t(k). Calculate r(2).
10
Let p be (-273)/(-156)*(-1 - -2 - 5). Let d(k) = 2*k**2 + 15*k + 4. Give d(p).
-3
Let a(c) = -c**2 + 2*c - 2. Let w be ((-2)/3)/(146/1095). What is a(w)?
-37
Let g(k) = 16*k**2 + 2*k + 1. Let l be g(-1). Let x be (4/6)/(5/l). Let i(t) = -14*t + 6 + 8*t + 0*t**x + t**2. Determine i(6).
6
Let s(m) = m**2 + 10*m - 5. Let v be 0 - (-388)/(-36) - (-2)/(-9). Calculate s(v).
6
Let y = -19 - -21. Let v(g) = -g - 1. Let o(t) = 2 - 3*t - 2*t + 0*t + 2*t**2 - 4. Let a(w) = 2*o(w) - 6*v(w). Determine a(y).
10
Suppose n + n = 0. Let o be n - 7 - 2/1. Let l be (15/o - -2)*-6. Let g(k) = 3*k + 3. Determine g(l).
-3
Let x(g) = 0*g**2 - 5*g**2 + 7*g**2 - g**2 - 7*g. Calculate x(8).
8
Let l be (13 + -11)/(2/6). Suppose -5*j - l = 4, -4*y + 22 = -5*j. Let x(r) = 3 + 4*r**2 - 8*r**3 - 2*r - r**3 + 8*r**y. Calculate x(4).
-5
Let a(z) be the third derivative of 0 - 5/6*z**3 + 1/120*z**6 - 1/12*z**4 + 0*z - 1/10*z**5 + 14*z**2. What is a(6)?
-17
Suppose 12 = r - 4*r. Let o(y) be the second derivative of -y**4/6 - y**3 + 9*y**2/2 - 6*y. Let p(t) be the first derivative of o(t). What is p(r)?
10
Let l(c) = -11*c + 9. Let d(u) = -15*u + 14. Let r(z) = 5*d(z) - 7*l(z). Let w be 0/(-1)*(2 + -3). Suppose 3*h + 17 + 1 = w. Give r(h).
-5
Suppose h + h = 6. Suppose x = k - h, 5*x = -k + 5*k - 12. Suppose a + 12 = 4*y, 0 = k*a + 2*a - 2*y + 6. Let u(z) = z**3 - z + 4. What is u(a)?
4
Let t = 32 + -25. Let a(u) = 5*u - 5. Let k(d) = 9*d - 10. Let h(c) = t*a(c) - 4*k(c). Suppose 0 = z - 2*z. What is h(z)?
5
Let l(s) be the second derivative of 1/2*s**2 - s**4 + 0 + 0*s**3 + 1/20*s**5 - 6*s. Let v be l(12). Let a(t) = 2*t**3 + 2*t**2 - t. Give a(v).
3
Suppose -3 = 2*l - 15. Let w be l/(-9)*-3 + 1. Let i(f) = -6*f**2 + 0*f**2 - 5*f + 7*f**2 + 3. Calculate i(w).
-3
Suppose l - 12 - 1 = 0. Suppose 2*t = -3*g + 3*t + 11, l = 3*g - 2*t. Let d(u) = g*u**2 + u - 1 - 2*u - 1 + 0*u**3 - u**3. Determine d(2).
0
Let g(u) = -3*u - 2 - 4 + u - 2. Let t(z) = -3*z - 12. Let r(x) = -8*g(x) + 5*t(x). Let s(w) = -2*w + 14. Let l be s(10). What is r(l)?
-2
Let z(i) = -6*i - 4. Let y = 766 + -776. Determine z(y).
56
Suppose 0 = -v + 93 - 99. Let z(n) = n + 7. Give z(v).
1
Suppose 0*x - 4*x + 20 = 0. Suppose 4*i = -16, 0 = -5*t - 4*i - 0 - 1. Let y(g) = -14 + 10 + g**t - 6*g**2 + 2*g + g**2. Determine y(x).
6
Let j be ((-22)/(-11))/(1/2). Suppose 4 + 4 = j*x. Suppose -3*f - 6 = 3*s, 2 = -4*s - x. Let n(y) = -6*y**2 - y. What is n(f)?
-5
Let y(t) = t. Let z(c) = c**2 + 12*c - 5. Let x(u) = -4*y(u) + z(u). Suppose 0 = 2*h + 4*r - 1 + 23, 5*r + 32 = -3*h. Determine x(h).
4
Suppose 3 = -f, 2*v - 134 = -2*f + 4*f. Let w = 57 - v. Let p(m) = m**2 - 9*m - 1. Let c(j) = 2*j**2 - 10*j - 1. Let y(r) = 2*c(r) - 3*p(r). Determine y(w).
1
Let p(f) = 8*f + 3. Let j be (-6)/(-5)*10/6. Let t be (-48)/26 + j/(-13). What is p(t)?
-13
Suppose -5*x = -5*q - 15 - 20, 4*x - 3*q = 23. Let w(a) = 3*a - 1. Let y(k) = -1. Let l(d) = -w(d) - 2*y(d). What is l(x)?
-3
Suppose -15 - 1 = -2*p. Suppose -p = -3*c + 10. Let r(d) = -6*d**2 + d**3 - 3 - 1 + 6 + 4 - 2*d. What is r(c)?
-6
Let u(q) = 2*q**2 + 5*q - 10. Let t be u(-5). Suppose 0 = -2*x + 5*x + t. Let s(z) = z + 4. Determine s(x).
-1
Let m = 42 + -20. Let p = m - 17. Let y = -8 + p. Let k(h) = h**3 + 2*h**2 - 2*h - 4. Give k(y).
-7
Let i be (-4)/12*1*3. Let q(b) = -b**2 - 2*b - 1. Calculate q(i).
0
Let r(d) be the third derivative of -d**4/8 - 275*d**2. Calculate r(1).
-3
Let s(y) = -4*y**2 - 3*y + 3. Suppose 4*d + 3*u = 9*d - 13, -u - 1 = 0. Determine s(d).
-19
Let h(o) = -1 + 13*o**3 - 5*o - 4*o**3 + 6*o - 39*o**3. What is h(1)?
-30
Let r(p) = -p**3 + 6*p**2 - 5*p - 4. Suppose 0 = -3*z - 2*l, -2*z + 3*z + 2*l = 0. Let d(w) = -w - 1. Let j be d(-6). Let o = j - z. Calculate r(o).
-4
Let s(a) be the third derivative of -a**4/8 + 5*a**3/6 - 14*a**2 - 3*a. Calculate s(8).
-19
Let v = -3 + 20. Let p = 17 - v. Let u(r) = 2 + r + 9 - 6. Give u(p).
5
Let g(u) = u - 6. Let v(q) = -q + 11. Let n(j) = -9*g(j) - 4*v(j). Let h(f) = f - 1. Let l(b) = 3*h(b) + n(b). Calculate l(5).
-3
Let a be 4/(-22) + 1120/110. Suppose -o + a = 11. Let p(w) = -17*w**3 + w**2 - w - 1. Determine p(o).
18
Let d(a) = -5*a + 6 + 5*a - 2*a + a. Let l be ((-24)/(-14))/((-44)/(-154)). Give d(l).
0
Let w(i) = i - 3. Let l be w(-1). Let n = 0 + l. Let x(c) = c**3 + 6*c**2 + 6*c + 1. Give x(n).
9
Let n(o) = o**3 - o**2. Let k = -51 + 52. Let i(g) = g**3 + 5*g**2 + 2*g - 2. Let m(j) = k*i(j) - 2*n(j). Determine m(7).
12
Suppose 11*l - 10*l - 3 = 0. Let w(f) = 4*f**2 + 2850 - 2*f - 2853 + 2*f**l - f**3. Give w(-4).
5
Let f(x) = -x + 1. Let d(c) = 5*c + 16. Let z(k) = d(k) + 6*f(k). Let b be z(22). Let r(j) = j - 4. Determine r(b).
-4
Let l(k) = k**2 - 10*k + 6. Suppose 135 = y + 26*y. Give l(y).
-19
Let r(q) = q**3 + 5*q**2 - 2*q - 6. Suppose 0 = 4*l - 3*w + 370, -158 = l + 5*w - 54. Let z = l + 89. What is r(z)?
4
Let o be (-12 - (-63)/5) + (-56)/10. Let w(s) = 7*s + 40. Determine w(o).
5
Let q = -39 - -52. Suppose 11*y = q*y - 18. Let j(w) = w**